rs of m.
17
Let a(r) = -r**3 + r**2 + r - 21. Let d be a(0). Let n = d - -44. Suppose 2*f = f + n. What are the prime factors of f?
23
Let s(g) = g**3 - 8*g**2 + 13*g - 9. Let x be s(7). Let o = x + -177. Let b = o - -224. List the prime factors of b.
2, 5
Let w = 47 - 48. What are the prime factors of w + (-6)/(-4) + (-8379)/(-38)?
13, 17
Let v(y) = -19*y**3 - 3*y**2 + 6*y + 6. What are the prime factors of v(-3)?
2, 3, 79
Let n = 18 + -8. Let g be (-4)/n + 132/(-20). List the prime factors of (-177)/g + 2/(-7).
5
Suppose -h = 2*d + 14, 3*d - h = -3*h - 22. Let o(g) be the first derivative of -g**4/4 - 2*g**3 - g**2/2 + 8*g + 39. List the prime factors of o(d).
2, 7
Let g(w) = w**3 + 9*w**2 - 9*w + 7. Let q be g(-10). Let t(s) = s**3 + 2*s**2 - 4*s + 4. Let b be t(q). Let v = 41 + b. List the prime factors of v.
2, 3
Suppose -4*y + 8 = -2*y. Suppose o = -y + 8. What are the prime factors of 26/10 - o/(-10)?
3
Suppose -14*p = -10*p - 2560. Suppose 5*b + 2*o = p, b - 2 - 126 = 5*o. What are the prime factors of b?
2
Let f(w) = -w**3 + 6*w**2 - 5*w + 4. Let x be f(5). Suppose y = x*y - 15. List the prime factors of y.
5
Let p = -230 + 482. What are the prime factors of p?
2, 3, 7
Let s(p) = -p**3 + 11*p**2 + 11*p - 4. Let v be s(12). Let u be -3 - (-2 + v) - 1. Let l = u + 15. List the prime factors of l.
29
Let t be (-1 - 0)/((-8)/8). What are the prime factors of t + 2/(-6) + 63080/249?
2, 127
Suppose 5*h - 3702 = -4*b, -2*h + 3*h + 2786 = 3*b. List the prime factors of b.
2, 29
Let k = -71 - -71. What are the prime factors of 3 - (k/(-3) + -166)?
13
Suppose -z + 16 = 3*i, -i + 2*i = -5*z + 150. Let a be 134/14 + (-20)/35. Suppose c - z + a = 0. What are the prime factors of c?
2, 11
Let l be -2 + (3 - 1)/(-2)*-7. Let g(s) = 6*s**2 - 6*s + 2. Let n(h) = 5*h**2 - 6*h + 3. Let c(q) = -4*g(q) + 5*n(q). What are the prime factors of c(l)?
2
Let a(j) = -15*j - 4. Let g(h) = 15*h + 4. Let q(u) = 5*a(u) + 4*g(u). Let i be q(-2). Let l = -17 + i. List the prime factors of l.
3
Suppose -8226 = -18*d - 0*d. List the prime factors of d.
457
List the prime factors of (-12 + 28/6)*-429.
2, 11, 13
Let s(m) = 10*m - 45. Let z be s(14). Let w = z + -29. List the prime factors of w.
2, 3, 11
Let w(h) = 62*h + 309. What are the prime factors of w(31)?
23, 97
Suppose -2365 = -5*s - 6*s. List the prime factors of s.
5, 43
Let c = -2393 + 7296. List the prime factors of c.
4903
Suppose 13 = -4*s - 2*v - 5, 13 = s - 3*v. Let y(p) = 0*p - 2*p + 2 - 3*p. What are the prime factors of y(s)?
2, 3
Let x = -4942 - -7139. List the prime factors of x.
13
Let y = 1707 - 198. List the prime factors of y.
3, 503
What are the prime factors of (-4 - 44/(-16))*-84?
3, 5, 7
Let w(n) = n + 1. Let i(d) = 6*d + 2. Let t(f) = i(f) - 5*w(f). Let x be t(7). Suppose -2*a - 46 = -x*a. What are the prime factors of a?
23
Suppose 651 = 5*u - 3*h, -15*u + h + 261 = -13*u. List the prime factors of u.
2, 3, 11
Let f be (-99)/(-21) + (-6)/(-21). Suppose 5 = -f*v - 0*v. Let h = v - -10. List the prime factors of h.
3
Suppose 3*f = 3*r - 3108, -20*r + 4176 = -16*r + 4*f. What are the prime factors of r?
2, 5, 13
Suppose -4*j + m - 96 = 0, -j - 4*m - 7 = -0. Let t = j + 25. Suppose -3*f + 122 = g, g + 49 = -t*f + 132. List the prime factors of f.
3, 13
What are the prime factors of (-13)/65 - 1456/(-5)?
3, 97
Let d = -2 + 3. Let g(c) = -c**2 + 0 + 21 + d - 1 + c. What are the prime factors of g(0)?
3, 7
Let c(i) = 4*i - 2. Let y be c(-2). Suppose -153*b + 155*b - 16 = 0. What are the prime factors of ((-28)/b)/1*y?
5, 7
Let g(y) = y - 9. Let p be g(24). Suppose -3*c + p*c = 1716. What are the prime factors of c?
11, 13
Let p(r) = -26*r - 4. Let z be p(-1). Suppose -4*t + 42 = -z. What are the prime factors of t?
2
Let x(k) = k**3 - 4*k**2 + 4*k - 1. Let g be -6*(2/(-3) - 0). Let z be x(g). List the prime factors of (-218)/(-10) + 3/z.
2, 11
Suppose 2*j - 2066 = -4*a - 0*a, 0 = -4*j - 2*a + 4114. What are the prime factors of j?
13, 79
Let x(g) = g + 10. Let p be x(5). Suppose d = -4*l + 22, 2*l + 4*d - 3 - p = 0. Suppose -f = 4*a - 34, -f - 16 = l*a - 52. What are the prime factors of f?
2, 13
Suppose 3*j = j - 34. Let b = 69 + j. What are the prime factors of b?
2, 13
Let g = -9 + 9. Suppose g = 2*l - 0*l. Suppose -2*k + q = 16 - 102, 3*k + 4*q - 129 = l. What are the prime factors of k?
43
Let a = 42 - 16. Suppose 4*v - 2*h - 10 = a, -4*h + 27 = 3*v. Let r = v + -7. List the prime factors of r.
2
Let p(a) = -56*a - 15. Let d be p(-13). Suppose -d - 1611 = -14*l. What are the prime factors of l?
2, 83
Suppose -2*w + 14 = -5*w + 5*p, -2*w = 5*p + 51. Let i be (-58)/(2 - (-8)/(-2)). Let r = w + i. List the prime factors of r.
2
Let t be 0 + 29 + (0 - 0). Suppose 0 = 5*a + 2 + 8. Let q = a + t. What are the prime factors of q?
3
Let s(i) = -i**3 + 4*i**2 + 5*i - 2. Let n(x) = x**2 + x - 2. Suppose 0*t + h = -5*t - 17, 4*t = -5*h - 22. Let b be n(t). What are the prime factors of s(b)?
2, 3
What are the prime factors of (-1)/(4 - 2) + 90487/82?
1103
Let y = 1867 - 624. What are the prime factors of y?
11, 113
List the prime factors of 1141*(-3 + 48/14).
3, 163
Let j = -17 - -21. Suppose -105 = -j*t + 3*u + 167, 0 = 5*t - u - 329. Suppose -w + 7*v + t = 3*v, 0 = w + v - 40. List the prime factors of w.
3, 5
Suppose 5*c + 138 = -3*t + 531, -2*c - 655 = -5*t. Let a = 193 - t. What are the prime factors of a?
2, 31
Let q = 206 - 152. What are the prime factors of q?
2, 3
Let y be 6*(-4)/(-6) - 1. Let t(r) = -r + 13. Let i be t(10). Suppose 2*n = i*c + y*n - 5, 4 = -n. List the prime factors of c.
3
Let l = -304 + 570. Let s = -181 + l. List the prime factors of s.
5, 17
Let b(x) = -x. Let l be b(-2). Suppose -k = -l*k + 4. List the prime factors of (-1)/k - 74/(-8).
3
Let q(w) = 44*w**2 + 5*w + 8*w - 45*w**2 + 19. Let g be q(10). Suppose 2*p - 9 = -2*v + g, 0 = -4*v + 3*p + 137. List the prime factors of v.
2
Let i(k) = 151*k**3 + 11*k**2 - k - 12. What are the prime factors of i(3)?
3, 19, 73
Suppose -23 + 4 = -m. Let o = 26 - m. Let x = o - -21. What are the prime factors of x?
2, 7
Suppose -2*g + 0*p = 4*p + 34, 4*p = g - 1. Let y = g + 14. Suppose -w + y*w - 44 = 0. List the prime factors of w.
2, 11
Let n = -9 + 69. Let k(w) = -w**3 + 4*w**2 - 2*w - 1. Let g be k(3). Suppose 0 = g*u + 2*u - n. List the prime factors of u.
3, 5
Let d(v) = 2*v + 3. Let b be d(-2). List the prime factors of 231 + (-7 - -5)/b.
233
Let m(i) = 92*i - 165. What are the prime factors of m(12)?
3, 313
Suppose -w - 3*q = -7, 0 = -4*q - 4 + 16. Let z be (0 + (-342)/3)/w. Let v = 2 + z. List the prime factors of v.
59
Suppose -5*u = 10, 5*u = -4*r + 5390 - 1304. What are the prime factors of r?
2
List the prime factors of 148225/45 - (-4)/(-3 - -39).
2, 3, 61
Suppose 5*a + t - 2754 = 0, 9*t = 5*t - 4. What are the prime factors of a?
19, 29
Let g be (-2 - -1)*-1 - 1. Let h(d) = d**3 - 11*d**2 + 4. Let u be h(11). Suppose g*i + t + 103 = 3*i, -u*t = 4. List the prime factors of i.
2, 17
Let p be (-6)/(-4)*(-64)/(-24). Suppose 277 = 5*z - p*f + 2*f, -5*z + 280 = -5*f. What are the prime factors of z?
5, 11
Let k(u) = 5*u**3 + 4*u**2 - 7*u + 3. What are the prime factors of k(1)?
5
Suppose 10*t - 1013 = 507. What are the prime factors of t?
2, 19
Let a(x) be the second derivative of 0 - 2*x - 1/3*x**4 - 1/20*x**5 - x**2 - 1/2*x**3. List the prime factors of a(-4).
2, 5
Suppose 0 = 4*o - 16, z - o + 3 = -1. Suppose 4*b - 4 - 12 = z. Suppose -2*h + 31 = -2*x - 19, h - b*x - 19 = 0. What are the prime factors of h?
3
Suppose 1555*q - 1548*q = 7336. What are the prime factors of q?
2, 131
Let a(f) = f**2 - f - 1. Let s(p) = p**3 - 4*p**2 + p + 4. Let j be s(3). Let g be a(j). List the prime factors of (-49)/(-5) - (-1)/g.
2, 5
Let n(d) = 2*d - 2. Let k be n(3). Suppose k = 3*i - 431. What are the prime factors of i?
5, 29
Let c(n) = 34*n**2 + 13*n + 58. What are the prime factors of c(-4)?
2, 5, 11
Let r be (10*(-10)/(-125))/((-4)/(-10)). Suppose -3*s = -5*o + 620, -5*s + 496 = 4*o - r*s. List the prime factors of o.
2, 31
Let k(b) be the third derivative of b**5/15 + b**4/24 - b**3/3 + b**2. Suppose 5*v = 3 - 13. List the prime factors of k(v).
2, 3
Suppose -2*n + 540 = 2*f - 948, 10 = -5*n. List the prime factors of f.
2, 373